{"id":2561,"date":"2021-05-08T07:01:25","date_gmt":"2021-05-08T07:01:25","guid":{"rendered":"https:\/\/www.museoislademaipo.cl\/catalogo\/?page_id=2561"},"modified":"2026-02-20T16:05:00","modified_gmt":"2026-02-20T16:05:00","slug":"catalogo","status":"publish","type":"page","link":"https:\/\/www.museoislademaipo.cl\/catalogo\/","title":{"rendered":"Cat\u00e1logo"},"content":{"rendered":"<div id=\"modal-ready\"><p>[vc_row][vc_column][vc_single_image image=\u00bb3596&#8243; img_size=\u00bbfull\u00bb alignment=\u00bbcenter\u00bb css_animation=\u00bbfadeIn\u00bb][vc_column_text]<\/p>\n<h4 style=\"text-align: center;\">Te invitamos a conocer la historia de nuestra comuna y navegar en el cat\u00e1logo online de la primera exhibici\u00f3n permanente de nuestro Museo.<\/h4>\n<p>[\/vc_column_text][vc_single_image image=\u00bb3117&#8243; img_size=\u00bbmedium\u00bb alignment=\u00bbcenter\u00bb onclick=\u00bbcustom_link\u00bb css_animation=\u00bbfadeIn\u00bb link=\u00bbhttps:\/\/www.museoislademaipo.cl\/catalogo\/project\/catalogo\/\u00bb][\/vc_column][\/vc_row][vc_row][vc_column][vc_separator][vc_column_text]<\/p>\n<h4 style=\"text-align: center;\">\u00a1Ac\u00e9rcate al Museo!<\/h4>\n<p>&nbsp;<\/p>\n<h4 style=\"text-align: center;\"><span style=\"font-weight: 400;\">S\u00edguenos en redes sociales, cont\u00e1ctate con nosotros y agenda tus visitas por medio de nuestro correo:\u00a0<\/span><\/h4>\n<p>&nbsp;<\/p>\n<h4 style=\"text-align: center;\"><strong><a class=\"catalogo\" href=\"mailto:museoislademaipo@gmail.com\">museoislademaipo@gmail.com<\/a><\/strong><\/h4>\n<p>[\/vc_column_text][vc_separator][vc_column_text][\/vc_column_text][\/vc_column][\/vc_row][vc_row][vc_column][vc_empty_space][vc_column_text]<\/p>\n<h4 style=\"text-align: center;\"><a href=\"https:\/\/www.instagram.com\/museoislademaipo\/\" target=\"_blank\" rel=\"noopener\"><img loading=\"lazy\" decoding=\"async\" class=\"alignnone wp-image-2675\" title=\"Instagram\" src=\"https:\/\/www.museoislademaipo.cl\/catalogo\/wp-content\/uploads\/2021\/06\/icono-instagram-150x150.png\" alt=\"\" width=\"81\" height=\"81\" srcset=\"https:\/\/www.museoislademaipo.cl\/catalogo\/wp-content\/uploads\/2021\/06\/icono-instagram-150x150.png 150w, https:\/\/www.museoislademaipo.cl\/catalogo\/wp-content\/uploads\/2021\/06\/icono-instagram-80x80.png 80w, https:\/\/www.museoislademaipo.cl\/catalogo\/wp-content\/uploads\/2021\/06\/icono-instagram.png 156w\" sizes=\"auto, (max-width: 81px) 100vw, 81px\" \/><\/a><\/h4>\n<h5 style=\"text-align: center;\"><a class=\"catalogo\" href=\"https:\/\/www.instagram.com\/museoislademaipo\/\" target=\"_blank\" rel=\"noopener\">@museoislademaipo<\/a><\/h5>\n<p>[\/vc_column_text][vc_column_text]<\/p>\n<h4 style=\"text-align: center;\"><a href=\"https:\/\/www.facebook.com\/museoislademaipo\"><img loading=\"lazy\" decoding=\"async\" class=\"alignnone wp-image-2676\" title=\"Facebook\" src=\"https:\/\/www.museoislademaipo.cl\/catalogo\/wp-content\/uploads\/2021\/06\/icono-facebook-150x150.png\" alt=\"\" width=\"95\" height=\"95\" srcset=\"https:\/\/www.museoislademaipo.cl\/catalogo\/wp-content\/uploads\/2021\/06\/icono-facebook-150x150.png 150w, https:\/\/www.museoislademaipo.cl\/catalogo\/wp-content\/uploads\/2021\/06\/icono-facebook-80x80.png 80w, https:\/\/www.museoislademaipo.cl\/catalogo\/wp-content\/uploads\/2021\/06\/icono-facebook.png 156w\" sizes=\"auto, (max-width: 95px) 100vw, 95px\" \/><\/a><\/h4>\n<h5 style=\"text-align: center;\"><a class=\"catalogo\" href=\"https:\/\/www.facebook.com\/museoislademaipo\">museoislademaipo<\/a><\/h5>\n<p>[\/vc_column_text][\/vc_column][\/vc_row][vc_row][vc_column][vc_separator][vc_column_text]<\/p>\n<h3 style=\"text-align: center;\"><strong>Direcci\u00f3n: <\/strong>Avenida Santelices N\u00b0 453, Isla de Maipo, Regi\u00f3n Metropolitana<\/h3>\n<h3 style=\"text-align: center;\">Horario de Atenci\u00f3n: Lunes &#8211; S\u00e1bado 10:00 &#8211; 14:00\/ 15:00 &#8211; 19:00<\/h3>\n<h3 style=\"text-align: center;\">Domingos 10:00 &#8211; 14:00<\/h3>\n<p>[\/vc_column_text][vc_column_text]<iframe loading=\"lazy\" src=\"https:\/\/www.google.com\/maps\/d\/embed?mid=1tBtR0VeMNFDCEnB6Z-XkBsVtV8XMFi80\" width=\"900\" height=\"500\"><\/iframe>[\/vc_column_text][\/vc_column][\/vc_row][vc_row][vc_column][vc_single_image image=\u00bb3582&#8243; img_size=\u00bbmedium\u00bb alignment=\u00bbcenter\u00bb][\/vc_column][\/vc_row][vc_row][vc_column][\/vc_column][\/vc_row]<\/p>\n<\/div>","protected":false},"excerpt":{"rendered":"<p>[vc_row][vc_column][vc_single_image image=\u00bb3596&#8243; img_size=\u00bbfull\u00bb alignment=\u00bbcenter\u00bb css_animation=\u00bbfadeIn\u00bb][vc_column_text] Te invitamos a conocer la historia de nuestra comuna y navegar en el cat\u00e1logo online de la primera exhibici\u00f3n permanente de nuestro Museo. [\/vc_column_text][vc_single_image image=\u00bb3117&#8243; img_size=\u00bbmedium\u00bb alignment=\u00bbcenter\u00bb onclick=\u00bbcustom_link\u00bb css_animation=\u00bbfadeIn\u00bb link=\u00bbhttps:\/\/www.museoislademaipo.cl\/catalogo\/project\/catalogo\/\u00bb][\/vc_column][\/vc_row][vc_row][vc_column][vc_separator][vc_column_text] \u00a1Ac\u00e9rcate al Museo! &nbsp; S\u00edguenos en redes sociales, cont\u00e1ctate con nosotros y agenda tus visitas por medio de nuestro correo:\u00a0 [&hellip;]<\/p>\n","protected":false},"author":1,"featured_media":0,"parent":0,"menu_order":0,"comment_status":"closed","ping_status":"closed","template":"page-templates\/front-page.php","meta":{"footnotes":""},"class_list":["post-2561","page","type-page","status-publish","hentry"],"_links":{"self":[{"href":"https:\/\/www.museoislademaipo.cl\/catalogo\/wp-json\/wp\/v2\/pages\/2561","targetHints":{"allow":["GET"]}}],"collection":[{"href":"https:\/\/www.museoislademaipo.cl\/catalogo\/wp-json\/wp\/v2\/pages"}],"about":[{"href":"https:\/\/www.museoislademaipo.cl\/catalogo\/wp-json\/wp\/v2\/types\/page"}],"author":[{"embeddable":true,"href":"https:\/\/www.museoislademaipo.cl\/catalogo\/wp-json\/wp\/v2\/users\/1"}],"replies":[{"embeddable":true,"href":"https:\/\/www.museoislademaipo.cl\/catalogo\/wp-json\/wp\/v2\/comments?post=2561"}],"version-history":[{"count":96,"href":"https:\/\/www.museoislademaipo.cl\/catalogo\/wp-json\/wp\/v2\/pages\/2561\/revisions"}],"predecessor-version":[{"id":3941,"href":"https:\/\/www.museoislademaipo.cl\/catalogo\/wp-json\/wp\/v2\/pages\/2561\/revisions\/3941"}],"wp:attachment":[{"href":"https:\/\/www.museoislademaipo.cl\/catalogo\/wp-json\/wp\/v2\/media?parent=2561"}],"curies":[{"name":"wp","href":"https:\/\/api.w.org\/{rel}","templated":true}]}}